{"id":1163,"date":"2026-04-16T13:26:09","date_gmt":"2026-04-16T11:26:09","guid":{"rendered":"https:\/\/www.lernfilmstudio.eu\/video\/europaclub-pts-grossarl-generationen-blicken-auf-den-2-weltkrieg\/"},"modified":"2026-04-16T13:26:09","modified_gmt":"2026-04-16T11:26:09","slug":"europaclub-pts-grossarl-generationen-blicken-auf-den-2-weltkrieg","status":"publish","type":"typo_cpt_videos","link":"https:\/\/www.lernfilmstudio.eu\/en\/video\/europaclub-pts-grossarl-generationen-blicken-auf-den-2-weltkrieg\/","title":{"rendered":"Europaclub PTS Grossarl: Generationen blicken auf den 2. Weltkrieg"},"content":{"rendered":"<p>Mitglieder des EuropaclubsPTS Gro\u00dfarl haben im Rahmen eines Projekts diesen Film \u00fcber ein freies Jugendthema ihrer Wahl mit Unterst\u00fctzung des Lern.Film.Studios und des BEJ selbst gedreht.<\/p>\n","protected":false},"featured_media":0,"menu_order":0,"template":"","class_list":["post-1163","typo_cpt_videos","type-typo_cpt_videos","status-publish","hentry"],"acf":[],"_links":{"self":[{"href":"https:\/\/www.lernfilmstudio.eu\/en\/wp-json\/wp\/v2\/typo_cpt_videos\/1163","targetHints":{"allow":["GET"]}}],"collection":[{"href":"https:\/\/www.lernfilmstudio.eu\/en\/wp-json\/wp\/v2\/typo_cpt_videos"}],"about":[{"href":"https:\/\/www.lernfilmstudio.eu\/en\/wp-json\/wp\/v2\/types\/typo_cpt_videos"}],"wp:attachment":[{"href":"https:\/\/www.lernfilmstudio.eu\/en\/wp-json\/wp\/v2\/media?parent=1163"}],"curies":[{"name":"wp","href":"https:\/\/api.w.org\/{rel}","templated":true}]}}

<p>Mitglieder des EuropaclubsPTS Großarl haben im Rahmen eines Projekts diesen Film über ein freies Jugendthema ihrer Wahl mit Unterstützung des Lern.Film.Studios und des BEJ selbst gedreht.</p>
